{"id":1164,"date":"2015-10-21T06:27:24","date_gmt":"2015-10-21T06:27:24","guid":{"rendered":"http:\/\/wp-royal.com\/hyper-x\/ares\/?page_id=1164"},"modified":"2024-01-17T15:47:54","modified_gmt":"2024-01-17T14:47:54","slug":"about-me","status":"publish","type":"page","link":"https:\/\/yoko.fr\/index.php\/about-me\/","title":{"rendered":"About Me"},"content":{"rendered":"<section class=\"wpb-content-wrapper\"><p>[vc_row css=&#8221;.vc_custom_1465211498738{padding-bottom: 30px !important;}&#8221;][vc_column][vc_single_image image=&#8221;2214&#8243;][\/vc_column][\/vc_row][vc_row css=&#8221;.vc_custom_1465211468952{padding-top: 20px !important;padding-bottom: 30px !important;}&#8221;][vc_column width=&#8221;1\/2&#8243;]<div id=\"ultimate-heading-849969ef912edc022\" class=\"uvc-heading ult-adjust-bottom-margin ultimate-heading-849969ef912edc022 uvc-7529 \" data-hspacer=\"no_spacer\"  data-halign=\"left\" style=\"text-align:left\"><div class=\"uvc-heading-spacer no_spacer\" style=\"top\"><\/div><div class=\"uvc-main-heading ult-responsive\"  data-ultimate-target='.uvc-heading.ultimate-heading-849969ef912edc022 h3'  data-responsive-json-new='{\"font-size\":\"\",\"line-height\":\"\"}' ><h3 style=\"font-family:&#039;Roboto&#039;;font-weight:300;color:#444444;\">SERVICES<\/h3><\/div><div class=\"uvc-sub-heading ult-responsive\"  data-ultimate-target='.uvc-heading.ultimate-heading-849969ef912edc022 .uvc-sub-heading '  data-responsive-json-new='{\"font-size\":\"desktop:15px;\",\"line-height\":\"desktop:28px;\"}'  style=\"font-family:&#039;Roboto Slab&#039;;font-weight:300;color:#8d8d8d;\">Yoko \/ Harold Rinck &#8211; Dipl\u00f4m\u00e9 d&#8217;Architecture DPLG en 1993 vous propose depuis 1995 de visualiser et pr\u00e9senter vos projets<\/div><\/div>[\/vc_column][vc_column width=&#8221;1\/2&#8243;]<div id=\"ultimate-heading-310169ef912edc070\" class=\"uvc-heading ult-adjust-bottom-margin ultimate-heading-310169ef912edc070 uvc-1128 \" data-hspacer=\"no_spacer\"  data-halign=\"left\" style=\"text-align:left\"><div class=\"uvc-heading-spacer no_spacer\" style=\"top\"><\/div><div class=\"uvc-main-heading ult-responsive\"  data-ultimate-target='.uvc-heading.ultimate-heading-310169ef912edc070 h3'  data-responsive-json-new='{\"font-size\":\"\",\"line-height\":\"\"}' ><h3 style=\"font-family:&#039;Roboto&#039;;font-weight:300;color:#3a3a3a;\">SPECIFICATIONS<\/h3><\/div><\/div>[vc_progress_bar values=&#8221;%5B%7B%22label%22%3A%22Motivation%22%2C%22value%22%3A%2299%22%2C%22customcolor%22%3A%22%23e5ae47%22%7D%2C%7B%22label%22%3A%22Skills%22%2C%22value%22%3A%2280%22%2C%22customcolor%22%3A%22%23e5ae47%22%7D%2C%7B%22label%22%3A%22Marketing%22%2C%22value%22%3A%2225%22%2C%22customcolor%22%3A%22%23e5ae47%22%7D%5D&#8221; options=&#8221;animated&#8221; units=&#8221;%&#8221;][\/vc_column][\/vc_row]<\/p>\n<\/section>","protected":false},"excerpt":{"rendered":"<p>[vc_row css=&#8221;.vc_custom_1465211498738{padding-bottom: 30px !important;}&#8221;][vc_column][vc_single_image image=&#8221;2214&#8243;][\/vc_column][\/vc_row][vc_row css=&#8221;.vc_custom_1465211468952{padding-top: 20px !important;padding-bottom: 30px !important;}&#8221;][vc_column width=&#8221;1\/2&#8243;][\/vc_column][vc_column width=&#8221;1\/2&#8243;][vc_progress_bar values=&#8221;%5B%7B%22label%22%3A%22Motivation%22%2C%22value%22%3A%2299%22%2C%22customcolor%22%3A%22%23e5ae47%22%7D%2C%7B%22label%22%3A%22Skills%22%2C%22value%22%3A%2280%22%2C%22customcolor%22%3A%22%23e5ae47%22%7D%2C%7B%22label%22%3A%22Marketing%22%2C%22value%22%3A%2225%22%2C%22customcolor%22%3A%22%23e5ae47%22%7D%5D&#8221; options=&#8221;animated&#8221; units=&#8221;%&#8221;][\/vc_column][\/vc_row]<\/p>\n","protected":false},"author":1,"featured_media":0,"parent":0,"menu_order":0,"comment_status":"closed","ping_status":"closed","template":"","meta":{"footnotes":""},"_links":{"self":[{"href":"https:\/\/yoko.fr\/index.php\/wp-json\/wp\/v2\/pages\/1164"}],"collection":[{"href":"https:\/\/yoko.fr\/index.php\/wp-json\/wp\/v2\/pages"}],"about":[{"href":"https:\/\/yoko.fr\/index.php\/wp-json\/wp\/v2\/types\/page"}],"author":[{"embeddable":true,"href":"https:\/\/yoko.fr\/index.php\/wp-json\/wp\/v2\/users\/1"}],"replies":[{"embeddable":true,"href":"https:\/\/yoko.fr\/index.php\/wp-json\/wp\/v2\/comments?post=1164"}],"version-history":[{"count":7,"href":"https:\/\/yoko.fr\/index.php\/wp-json\/wp\/v2\/pages\/1164\/revisions"}],"predecessor-version":[{"id":2219,"href":"https:\/\/yoko.fr\/index.php\/wp-json\/wp\/v2\/pages\/1164\/revisions\/2219"}],"wp:attachment":[{"href":"https:\/\/yoko.fr\/index.php\/wp-json\/wp\/v2\/media?parent=1164"}],"curies":[{"name":"wp","href":"https:\/\/api.w.org\/{rel}","templated":true}]}}